 = 11*j(r) + 6*t(r). Determine c(9).
13
Let l be (-3)/(9/3) - -4. Let i(f) = f**l - 4*f**2 + 7*f + 1 - 3*f**2 + 6. Give i(6).
13
Let i(r) = r**3 - r + 6. Let o be (-29)/3 + 2/(-6). Suppose -2*j - 80 = -10*j. Let b = j + o. Give i(b).
6
Let o(r) = 2*r**3 - 25*r**2 + 9*r + 41. Let d be o(12). Let t(j) = -j**3 + 5*j**2 - j + 6. Calculate t(d).
1
Let r(d) = d**2 + 4*d + 14. Let a(v) = 3*v**2 + 6*v + 29. Let j(w) = -2*a(w) + 5*r(w). Give j(9).
3
Let y(j) = -7*j**2 + j + 1. Let c = 10 + 18. Let t = -24 + c. Suppose t = -5*r - 1. Determine y(r).
-7
Suppose -2*t - 68 = 4*i, -2*t + 88 = -4*i + 4. Let j be -7 + 1 - 76/i. Let m be j*4*5/8. Let d(u) = -u**3 - 4*u**2 + 8*u + 6. What is d(m)?
-9
Suppose 95*m - 56*m = 0. Let z(t) = -3*t**3 + 17. Calculate z(m).
17
Let f(v) = -3 - 3*v + v**2 + 5*v + 16*v - 24*v. Let o(m) = m**2 - m. Let r be o(-1). Suppose -g + 5*x + 1 = 0, -g + 4*x = -0*x - r. Determine f(g).
-3
Suppose -219*o + 1203 = 85*o + 3027. Let y(j) = 20*j**3 - 2*j**2 - 15*j + 3. Let u(i) = -7*i**3 + i**2 + 5*i - 1. Let w(s) = 17*u(s) + 6*y(s). What is w(o)?
-5
Suppose -11*i = -5*i - 12. Let k(v) = 11. Let n(g) = -g + 2. Let a(r) = -k(r) + 6*n(r). Determine a(i).
-11
Let k(u) = -u**2 - 4*u. Let r(w) = 5*w**2 + 15*w + 3. Let c(f) = -9*k(f) - 2*r(f). Determine c(3).
3
Let i(r) = r**2 + 9*r + 25. Let w be 2/22 + 134/(-22). Calculate i(w).
7
Let c(a) = -20*a**2 - 44*a + 24. Let h(z) be the first derivative of 7*z**3/3 + 15*z**2/2 - 8*z - 8. Let y(w) = -6*c(w) - 17*h(w). What is y(-9)?
-8
Let x(y) = 2*y**2 - 4*y - 73. Let v be x(-5). Let i(m) = -m**3 + 0 - 2 + 2*m - 1 - 3*m**2. Give i(v).
-9
Let t(y) = -2*y - 29 + 22 - y**2 + 17 - 12. Let n(d) = -d**3 + 6*d**2 + 6*d + 5. Let q be n(7). What is t(q)?
-2
Let o(i) = -i - 53. Let j(v) = -v - 25. Let d(x) = -5*j(x) + 2*o(x). Give d(-4).
7
Let k(r) be the third derivative of -r**5/60 - 17*r**4/24 + 2*r**3 + 290*r**2. Give k(-16).
28
Let t(y) = -3*y**2 - 4 + y**3 - 149*y + 151*y - y**2 - y**2. Calculate t(5).
6
Let h(j) = -j**3 - 27*j**2 + 5*j + 19*j**2 - 22 + j. What is h(-9)?
5
Let h = 5 - 0. Suppose 2*c = -2*d + d + 7, -h*d = -c - 35. Let j(u) = -u**3 + 2*u**3 - 8 + 1 - d*u**2 + 0*u**2 + 7*u. Give j(6).
-1
Let p(z) = -2*z. Let j be p(-1). Suppose -5*n - 40 = -4*s, -3*n = -0*n - 3*s + 27. Let f = j + n. Let x(g) = -3*g. Give x(f).
6
Let h(a) = -2*a - 3. Let y be 4/26 + (-8320)/1352. Calculate h(y).
9
Let f(p) = p + 4. Let d be f(-2). Let q(a) = 1 - d*a**2 + 8*a**2 + 0*a**2 + 2*a**2 + 2*a. Let m = 107 - 108. Determine q(m).
7
Let y(q) = -5 + 0*q**2 + 60*q - q**2 - 66*q. Let s(v) = v**2 - 5*v - 2. Let g be s(4). Let h be y(g). Let r(f) = f**3 + 4*f**2 - 7*f - 4. What is r(h)?
6
Let w = 24 - 16. Let j be w*3/(-12)*2. Let q(n) = -n**2 - 11*n - 14. Let c(i) = i**2 + 10*i + 12. Let r(p) = 6*c(p) + 5*q(p). What is r(j)?
-2
Let h(l) = -l + 2*l + 5 + l + 3. Calculate h(-3).
2
Let u(k) = k**3 - 13*k**2 + 14*k - 18. Let z be 1*4 + (1 - 5). Suppose -2*d + 6*d - 4*n - 32 = z, -n + 52 = 4*d. Determine u(d).
6
Let a be (-5)/(5/(-9)) + (1 - -1). Let d(v) = 1 + 2 - 8*v + 5*v**2 + a*v - v**3. Determine d(6).
-15
Let t(f) be the second derivative of f**4/12 - 13*f**3/6 + 2*f**2 - 77*f. What is t(13)?
4
Let t(c) = c**2 + 7*c - 6. Let y(v) = v**3 - 2*v + 6. Let l(r) = r**3 - 1. Let z(h) = 5*l(h) + y(h). Let j be z(1). Suppose 0*k - j*k = 30. Give t(k).
-12
Let i(l) be the first derivative of l**4/4 + l**3 - l**2/2 + 5*l - 34. Suppose g = 3*g + 8. Give i(g).
-7
Let r(c) = c - 12. Suppose 20 = 18*v - 16*v. What is r(v)?
-2
Let a = 4 + -3. Let q(y) be the third derivative of -y**6/30 + y**5/30 - y**4/12 + y**3/6 + 441*y**2. Determine q(a).
-3
Let o(y) = 22*y - 1. Let p(x) = -5*x - 14. Let g be p(-3). Give o(g).
21
Suppose 0 = b + 1 - 3. Suppose 15 = -b*x + 5*x. Let v(r) = -8*r - 1 + 4 + r**2 + 2 + 2. What is v(x)?
-8
Let d = -2 - -6. Let v(a) = -1. Let r(b) = -b + 1. Let k(u) = r(u) + 5*v(u). What is k(d)?
-8
Let g be 1/2*4 + -5. Let p = g - -6. Let y(f) = -f**2 + 3. Calculate y(p).
-6
Let d(h) = -30*h - 83. Let j be d(-3). Let y(k) = k**2 - 4*k - 23. Give y(j).
-2
Let p(u) = -2*u**2 + 12*u + 6. Let x be p(6). Let m(d) = -x - 3*d + 11*d + d**2 - d. Give m(-6).
-12
Suppose -u + 5 = z - 4, -3*u = 5*z - 37. Let a(l) = 6 - 40*l**2 + u*l**3 + 70*l**2 - 31*l**2 - 3*l**3 + l. What is a(0)?
6
Let w(g) = -13*g - 2 - 4 + 5*g**2 - 6*g**2. Let q(i) = -2*i**2 - 27*i - 12. Suppose -2*d + 130 - 148 = 0. Let j(h) = d*w(h) + 4*q(h). Determine j(-8).
-2
Suppose 3*z = 4*q - 7, 0 = 4*z + 3*q - 0 + 1. Let p(x) be the first derivative of -x**2/2 - x + 82. What is p(z)?
0
Let f(i) = 2*i + 7*i - 17 - 10 + 50 - 22. What is f(0)?
1
Let m(d) = 46*d + d**2 + 2 + d**2 - 43*d. What is m(-1)?
1
Let y be ((-25242)/(-720))/7 + 0 + -5. Let h(s) be the third derivative of 0 - 1/12*s**5 + 1/8*s**4 + 3*s**2 - 7/6*s**3 + y*s**6 + 0*s. What is h(5)?
8
Let y(r) = -2*r**2 + 6*r - 4. Let j be y(2). Suppose -3*o + j*o = -21. Let p(a) = -a**3 + 8*a**2 - 8*a - 1. Give p(o).
-8
Suppose 4*u + 0*u = -n - 11, -2*n = 4*u + 14. Let m(q) = -3*q - 3. Let p(a) = -4 + 1 - 6*a - 3. Let l(x) = 9*m(x) - 5*p(x). Give l(u).
-3
Let x(l) = -31*l + 65. Let a(m) = 208*m - 456. Let v(y) = 3*a(y) + 20*x(y). Calculate v(16).
-4
Let m(b) = 203*b**3 + 2*b - 5*b**2 - 411*b**3 + 209*b**3. Calculate m(4).
-8
Let h = -204 - -201. Let v(m) = 2*m**2 + 2*m + 3. Give v(h).
15
Let z = -1174 + 1176. Let x(y) = -y - 4. Let s(a) = -2*a - 9. Let h(b) = -3*s(b) + 7*x(b). What is h(z)?
-3
Let g(i) = i**3 - i**2 - i - 18. Let r = 314 + -314. Determine g(r).
-18
Suppose 78 = 12*p + 18. Let m(w) = 2*w**2 - 10*w + 2. What is m(p)?
2
Let d(c) be the first derivative of -c**5/60 + 7*c**4/24 - 16*c**3/3 + 49. Let f(x) be the third derivative of d(x). Give f(5).
-3
Suppose -4*o = 128 - 144. Let v(k) = 82 - 5*k**2 + 2*k**2 + 3*k - 84 + k**3. Give v(o).
26
Let z(n) = -3*n**2 + 2*n + 14. Let q(s) = -3*s**2 + 2*s + 16. Let b(g) = 6*q(g) - 7*z(g). Let v = 17 - 14. Give b(v).
19
Let s(u) = -3*u + 4. Let f(r) = 8*r + 5*r - 6 - 5*r. Let t be f(3). Suppose 0*a - 3*a + t = 0. Give s(a).
-14
Let l(o) be the first derivative of -o**2 - 8*o - 27. Let j be -3 - -1 - (3 - -1). What is l(j)?
4
Let q(p) = 3*p - 3. Let t(i) = 2*i - 2. Let x(u) = 3*q(u) - 4*t(u). Let w be (-6)/(24/(-5))*4. Suppose 2*b - 16 = w*a + 8, 0 = 2*a + 4*b. What is x(a)?
-5
Let y(m) = -2*m**2 - m. Let f(l) be the second derivative of l**4/12 - 3*l**3/2 + 5*l**2/2 - 2*l. Let k be f(8). Let b be ((-1 - -3) + k)/(-1). Give y(b).
-3
Let q(r) be the second derivative of r**5/20 + r**4/4 - r**3/2 + 3*r**2/2 - 80*r. Determine q(-4).
-1
Let z(g) = 2*g**2 + 8*g + 11. Let c(r) = r**2 + 25*r - 59. Let t be c(-27). Calculate z(t).
21
Let w(a) be the third derivative of -a**4/6 + 2*a**3/3 - 2*a**2 - 29. Let c be -2 + (6*1 - 1). Give w(c).
-8
Let x(y) = -6*y + 7. Suppose 10*r + 10 = 15*r. Let m be x(r). Let l(h) = h + 2. Determine l(m).
-3
Let q(k) = -8 + 2*k - 5*k**2 - 3*k + 9. Give q(1).
-5
Let d be (-4)/((-160)/(-5)) + (-666)/48. Let h(u) = -u - 14. Give h(d).
0
Let v(m) = m**3 - 3*m - 4*m - 1 - 7*m**2 + 7 - 1 - 10. Calculate v(8).
3
Let x(q) be the second derivative of q**3/2 - 2*q**2 + 135*q. Determine x(4).
8
Let b(w) = 5*w - 4. Let a(q) = -3*q**2 - 28*q + 24. Let n be a(-10). Determine b(n).
16
Let q(m) be the second derivative of -m**4/6 - m**3/3 - m**2 + 14*m - 2. Give q(-1).
-2
Let l(f) = -14*f**3 - 2*f**2 + 2*f - 1. Suppose 4*j - 24 = -4*z, 5*j - 2*z + 4 = -1. Calculate l(j).
-15
Let c be (1 + 5)*1/2. Let h(m) = 2*m + 7. Let n(o) = -2*o - 7. Let w(j) = c*n(j) + 2*h(j). Give w(7).
-21
Suppose 8*p - 3*p = -4*t + 68, 2*t - 10 = -p. Suppose -2 = -6*d + p. Let n(g) = -2 + 5*g - g + 3 - 2*g**2. Give n(d).
-5
Let r(j) = -3*j**3 + j**2 + 6. Let d(g) = -7*g**3 + 4*g**2 - g + 14. Let i(p) = -4*d(p) + 9*r(p). Calculate i(6).
-14
Let g = 83/3144 - -2/131. Let n(h) be the third derivative of 1/20*h**5 + 0 + g*h**4 + 1/6*h**3 + 0*h + 5*h**2. Calculate n(-1).
3
Let a(r) = -11*r**2 - 8*r - 5. Let h be a(-5). Let w be 4/(-5) + h/(-50). Let c(l) = -l**3 + 5*l**2 - 5*l - 3. Determine c(w).
-7
Suppose 0 = -2*x - s + 9, -6 - 4 = 2*s. Let m(f) = 3*f**2 - 4*f + x - 10*f**3 + 9*f**3 - 9*f**2. Suppose -r + 6*r = -25. Give m(r).
2
Let a(c) = -c**2 + 5*c - 7. Let i(o) = o**3 - 5*o**2 + 7*o + 